{"id":47,"date":"2024-09-09T06:14:41","date_gmt":"2024-09-09T06:14:41","guid":{"rendered":"https:\/\/www.hakkaraisenkorjaamo.fi\/?page_id=47"},"modified":"2025-02-07T09:56:08","modified_gmt":"2025-02-07T09:56:08","slug":"etusivu","status":"publish","type":"page","link":"https:\/\/www.hakkaraisenkorjaamo.fi\/","title":{"rendered":"Etusivu"},"content":{"rendered":"\t\t<div data-elementor-type=\"wp-page\" data-elementor-id=\"47\" class=\"elementor elementor-47\">\n\t\t\t\t<div class=\"elementor-element elementor-element-1df6508c e-con-full e-flex e-con e-parent\" data-id=\"1df6508c\" data-element_type=\"container\" data-e-type=\"container\" data-settings=\"{&quot;background_background&quot;:&quot;classic&quot;}\">\n\t\t\t\t<div class=\"elementor-element elementor-element-67eb7882 elementor-widget__width-initial elementor-widget elementor-widget-heading\" data-id=\"67eb7882\" data-element_type=\"widget\" data-e-type=\"widget\" data-widget_type=\"heading.default\">\n\t\t\t\t<div class=\"elementor-widget-container\">\n\t\t\t\t\t<h1 class=\"elementor-heading-title elementor-size-default\">Auto- ja konekorjaamo Hakkarainen Oy<\/h1>\t\t\t\t<\/div>\n\t\t\t\t<\/div>\n\t\t\t\t<div class=\"elementor-element elementor-element-11d1eb79 elementor-widget elementor-widget-heading\" data-id=\"11d1eb79\" data-element_type=\"widget\" data-e-type=\"widget\" data-widget_type=\"heading.default\">\n\t\t\t\t<div class=\"elementor-widget-container\">\n\t\t\t\t\t<h5 class=\"elementor-heading-title elementor-size-default\">Paikkakuntamme ainoa kolarikorjauksiin ja automaalauksiin erikoistunut korjaamo<\/h5>\t\t\t\t<\/div>\n\t\t\t\t<\/div>\n\t\t\t\t<\/div>\n\t\t<div class=\"elementor-element elementor-element-83e7b0b e-grid e-con-boxed e-con e-parent\" data-id=\"83e7b0b\" data-element_type=\"container\" data-e-type=\"container\">\n\t\t\t\t\t<div class=\"e-con-inner\">\n\t\t\t\t<div class=\"elementor-element elementor-element-32fb578 elementor-widget elementor-widget-text-editor\" data-id=\"32fb578\" data-element_type=\"widget\" data-e-type=\"widget\" data-widget_type=\"text-editor.default\">\n\t\t\t\t<div class=\"elementor-widget-container\">\n\t\t\t\t\t\t\t\t\t<p><b><span data-contrast=\"auto\">AVOINNA<br \/><\/span><\/b><b><span data-contrast=\"auto\">Ma-to 7.30-16<\/span><\/b><span data-ccp-props=\"{&quot;134233117&quot;:false,&quot;134233118&quot;:false,&quot;201341983&quot;:0,&quot;335551550&quot;:0,&quot;335551620&quot;:0,&quot;335559738&quot;:240,&quot;335559739&quot;:240,&quot;335559740&quot;:279}\"><strong>.00<\/strong><br \/><\/span><b><span data-contrast=\"auto\">Pe 7.30-13.30<\/span><\/b><\/p>\t\t\t\t\t\t\t\t<\/div>\n\t\t\t\t<\/div>\n\t\t\t\t<div class=\"elementor-element elementor-element-b535f0e elementor-widget elementor-widget-text-editor\" data-id=\"b535f0e\" data-element_type=\"widget\" data-e-type=\"widget\" data-widget_type=\"text-editor.default\">\n\t\t\t\t<div class=\"elementor-widget-container\">\n\t\t\t\t\t\t\t\t\t<p><b><span data-contrast=\"auto\">Uusitie 10<\/span><\/b><span data-ccp-props=\"{&quot;134233117&quot;:false,&quot;134233118&quot;:false,&quot;201341983&quot;:0,&quot;335551550&quot;:0,&quot;335551620&quot;:0,&quot;335559738&quot;:240,&quot;335559739&quot;:240,&quot;335559740&quot;:279}\">\u00a0<br \/><\/span><b><span data-contrast=\"auto\">79600 Joroinen<br \/><\/span><\/b><strong>P. 040- 838 2560<\/strong><\/p>\t\t\t\t\t\t\t\t<\/div>\n\t\t\t\t<\/div>\n\t\t\t\t\t<\/div>\n\t\t\t\t<\/div>\n\t\t<div class=\"elementor-element elementor-element-d940b84 e-flex e-con-boxed e-con e-parent\" data-id=\"d940b84\" data-element_type=\"container\" data-e-type=\"container\">\n\t\t\t\t\t<div class=\"e-con-inner\">\n\t\t\t\t<div class=\"elementor-element elementor-element-7454274 elementor-widget elementor-widget-text-editor\" data-id=\"7454274\" data-element_type=\"widget\" data-e-type=\"widget\" data-widget_type=\"text-editor.default\">\n\t\t\t\t<div class=\"elementor-widget-container\">\n\t\t\t\t\t\t\t\t\t<p><span data-contrast=\"auto\">Auto- ja konekorjaamo Hakkarainen on Joroisissa sijaitseva monimerkkikorjaamo. Pitk\u00e4n historiamme my\u00f6t\u00e4 olemme saavuttaneet asiakkaidemme vankkumattoman luottamuksen ja olemmekin paikkakuntamme ainoa kolarikorjauksiin ja automaalauksiin erikoistunut korjaamo. <\/span><\/p><p>Kaipaako pakettiautosi korjausta? Omistatko traktorin tai muita maatalouskoneita? Onko sinulla ongelmia raskaan kaluston kanssa? Meilt\u00e4 saat apua kaiken merkkisten ja mallisten ajoneuvojen huoltoon, kunnossapitoon ja korjaukseen. Huollamme my\u00f6s pienkoneet ja kuljetuskaluston.<\/p><p>Korjaamme pelti- ja kolarivauriot ammattitaidolla. Teemme korioikaisut, automaalaukset sek\u00e4 tuulilasin vaihdot ja muut tarvittavat ty\u00f6t sovitussa aikataulussa, jotta sinulla on aina k\u00e4ytett\u00e4viss\u00e4si hyvin huollettu ja korjattu kalusto. Kolarikorjauksissa osaava henkil\u00f6kuntamme laatii sinulle korjausarvion ja kustannuslaskelman ja raportin, jonka toimitamme halutessasi suoraan vakuutusyhti\u00f6\u00f6si .<span data-ccp-props=\"{&quot;134233117&quot;:false,&quot;134233118&quot;:false,&quot;201341983&quot;:0,&quot;335551550&quot;:0,&quot;335551620&quot;:0,&quot;335559738&quot;:0,&quot;335559739&quot;:0,&quot;335559740&quot;:279}\">\u00a0<\/span><\/p><p><span data-contrast=\"auto\">Kauttamme saat kattavat rengaspalvelut henkil\u00f6- ja pakettiautoihin sek\u00e4 raskaaseen kalustoon ja ty\u00f6koneisiin. Huolehdimme puolestasi kes\u00e4- ja talvirenkaiden vaihdon. Voit my\u00f6s j\u00e4tt\u00e4\u00e4 renkaat meille s\u00e4ilytykseen, sill\u00e4 meill\u00e4 on paljon l\u00e4mmint\u00e4 varastotilaa renkaiden s\u00e4ilytyst\u00e4 varten.<\/span><span data-ccp-props=\"{&quot;134233117&quot;:false,&quot;134233118&quot;:false,&quot;201341983&quot;:0,&quot;335551550&quot;:0,&quot;335551620&quot;:0,&quot;335559738&quot;:0,&quot;335559739&quot;:0,&quot;335559740&quot;:279}\"><br \/><\/span><\/p><p><span data-olk-copy-source=\"MessageBody\">Teemme my\u00f6s moottoripy\u00f6rien renkaiden asennuksia ja tasapainotuksia.<br \/><\/span><\/p><p>Nyt meilt\u00e4 Mercedes ja Volkswagen pakettiautoihin py\u00f6r\u00e4nlaakerien vaihdot ilman navan vaihtoa. T\u00e4m\u00e4 s\u00e4\u00e4st\u00e4\u00e4 navan ja nelipy\u00f6r\u00e4suuntauksen hinnan.<\/p>\t\t\t\t\t\t\t\t<\/div>\n\t\t\t\t<\/div>\n\t\t\t\t\t<\/div>\n\t\t\t\t<\/div>\n\t\t<div class=\"elementor-element elementor-element-6c77aa8 e-flex e-con-boxed e-con e-parent\" data-id=\"6c77aa8\" data-element_type=\"container\" data-e-type=\"container\">\n\t\t\t\t\t<div class=\"e-con-inner\">\n\t\t\t\t<div class=\"elementor-element elementor-element-0bb1dd4 elementor-widget elementor-widget-heading\" data-id=\"0bb1dd4\" data-element_type=\"widget\" data-e-type=\"widget\" data-widget_type=\"heading.default\">\n\t\t\t\t<div class=\"elementor-widget-container\">\n\t\t\t\t\t<h2 class=\"elementor-heading-title elementor-size-default\">Autamme sinua kaikissa autoosi liittyviss\u00e4 asioissa, ota yhteytt\u00e4!<\/h2>\t\t\t\t<\/div>\n\t\t\t\t<\/div>\n\t\t\t\t\t<\/div>\n\t\t\t\t<\/div>\n\t\t\t\t<\/div>\n\t\t","protected":false},"excerpt":{"rendered":"<p>Auto- ja konekorjaamo Hakkarainen Oy Paikkakuntamme ainoa kolarikorjauksiin ja automaalauksiin erikoistunut korjaamo AVOINNAMa-to 7.30-16.00Pe 7.30-13.30 Uusitie 10\u00a079600 JoroinenP. 040- 838 [&hellip;]<\/p>\n","protected":false},"author":1,"featured_media":0,"parent":0,"menu_order":0,"comment_status":"closed","ping_status":"closed","template":"","meta":{"site-sidebar-layout":"default","site-content-layout":"","ast-site-content-layout":"default","site-content-style":"default","site-sidebar-style":"default","ast-global-header-display":"","ast-banner-title-visibility":"","ast-main-header-display":"","ast-hfb-above-header-display":"","ast-hfb-below-header-display":"","ast-hfb-mobile-header-display":"","site-post-title":"","ast-breadcrumbs-content":"","ast-featured-img":"","footer-sml-layout":"","ast-disable-related-posts":"","theme-transparent-header-meta":"","adv-header-id-meta":"","stick-header-meta":"","header-above-stick-meta":"","header-main-stick-meta":"","header-below-stick-meta":"","astra-migrate-meta-layouts":"default","ast-page-background-enabled":"default","ast-page-background-meta":{"desktop":{"background-color":"var(--ast-global-color-4)","background-image":"","background-repeat":"repeat","background-position":"center center","background-size":"auto","background-attachment":"scroll","background-type":"","background-media":"","overlay-type":"","overlay-color":"","overlay-opacity":"","overlay-gradient":""},"tablet":{"background-color":"","background-image":"","background-repeat":"repeat","background-position":"center center","background-size":"auto","background-attachment":"scroll","background-type":"","background-media":"","overlay-type":"","overlay-color":"","overlay-opacity":"","overlay-gradient":""},"mobile":{"background-color":"","background-image":"","background-repeat":"repeat","background-position":"center center","background-size":"auto","background-attachment":"scroll","background-type":"","background-media":"","overlay-type":"","overlay-color":"","overlay-opacity":"","overlay-gradient":""}},"ast-content-background-meta":{"desktop":{"background-color":"var(--ast-global-color-5)","background-image":"","background-repeat":"repeat","background-position":"center center","background-size":"auto","background-attachment":"scroll","background-type":"","background-media":"","overlay-type":"","overlay-color":"","overlay-opacity":"","overlay-gradient":""},"tablet":{"background-color":"var(--ast-global-color-5)","background-image":"","background-repeat":"repeat","background-position":"center center","background-size":"auto","background-attachment":"scroll","background-type":"","background-media":"","overlay-type":"","overlay-color":"","overlay-opacity":"","overlay-gradient":""},"mobile":{"background-color":"var(--ast-global-color-5)","background-image":"","background-repeat":"repeat","background-position":"center center","background-size":"auto","background-attachment":"scroll","background-type":"","background-media":"","overlay-type":"","overlay-color":"","overlay-opacity":"","overlay-gradient":""}},"footnotes":""},"class_list":["post-47","page","type-page","status-publish","hentry"],"aioseo_notices":[],"_links":{"self":[{"href":"https:\/\/www.hakkaraisenkorjaamo.fi\/index.php?rest_route=\/wp\/v2\/pages\/47","targetHints":{"allow":["GET"]}}],"collection":[{"href":"https:\/\/www.hakkaraisenkorjaamo.fi\/index.php?rest_route=\/wp\/v2\/pages"}],"about":[{"href":"https:\/\/www.hakkaraisenkorjaamo.fi\/index.php?rest_route=\/wp\/v2\/types\/page"}],"author":[{"embeddable":true,"href":"https:\/\/www.hakkaraisenkorjaamo.fi\/index.php?rest_route=\/wp\/v2\/users\/1"}],"replies":[{"embeddable":true,"href":"https:\/\/www.hakkaraisenkorjaamo.fi\/index.php?rest_route=%2Fwp%2Fv2%2Fcomments&post=47"}],"version-history":[{"count":109,"href":"https:\/\/www.hakkaraisenkorjaamo.fi\/index.php?rest_route=\/wp\/v2\/pages\/47\/revisions"}],"predecessor-version":[{"id":327,"href":"https:\/\/www.hakkaraisenkorjaamo.fi\/index.php?rest_route=\/wp\/v2\/pages\/47\/revisions\/327"}],"wp:attachment":[{"href":"https:\/\/www.hakkaraisenkorjaamo.fi\/index.php?rest_route=%2Fwp%2Fv2%2Fmedia&parent=47"}],"curies":[{"name":"wp","href":"https:\/\/api.w.org\/{rel}","templated":true}]}}